n factor of 27777852 and 36.
36
Calculate the highest common divisor of 16222095 and 360.
45
Calculate the highest common factor of 1721192482 and 76.
38
Calculate the greatest common divisor of 142 and 3341828.
142
Calculate the greatest common divisor of 1086922260 and 72.
36
Calculate the highest common divisor of 72 and 15651192.
24
Calculate the greatest common factor of 2940 and 218228010.
210
What is the highest common factor of 1604784 and 12?
12
Calculate the highest common divisor of 13 and 600795208.
13
Calculate the greatest common divisor of 263825 and 68795007.
10553
Calculate the greatest common factor of 64 and 807335104.
64
What is the highest common divisor of 47880896 and 896?
448
What is the greatest common factor of 48 and 2928936?
24
What is the highest common factor of 2336 and 6735776?
32
Calculate the greatest common divisor of 1207064 and 232.
8
Calculate the greatest common factor of 12741 and 2052944.
31
What is the greatest common factor of 4813484 and 104?
52
What is the highest common factor of 465 and 72179439?
93
Calculate the greatest common factor of 475667 and 175613.
1163
What is the greatest common factor of 1103 and 63116969?
1103
Calculate the greatest common factor of 23808546 and 6399.
2133
Calculate the greatest common divisor of 196947 and 72.
9
What is the greatest common factor of 5 and 495723480?
5
What is the highest common factor of 387090 and 10659?
561
Calculate the highest common factor of 2006 and 423130.
34
Calculate the greatest common factor of 1176 and 4019862.
294
Calculate the highest common divisor of 2217344 and 367744.
2176
What is the highest common divisor of 44 and 58054546?
22
Calculate the highest common divisor of 26613 and 63477.
9
Calculate the greatest common factor of 347893780 and 6045.
2015
What is the greatest common divisor of 90477 and 423343?
1117
What is the greatest common divisor of 111240 and 16200?
1080
What is the greatest common factor of 101026067 and 15388?
3847
What is the greatest common divisor of 3491776 and 56?
8
Calculate the highest common factor of 153 and 4566472.
17
What is the greatest common divisor of 1070 and 9857750?
10
What is the greatest common divisor of 2017328 and 27376?
944
Calculate the greatest common factor of 168240 and 18060.
60
What is the highest common factor of 72465815 and 18420?
1535
Calculate the highest common factor of 137786794 and 892.
446
What is the greatest common factor of 1279437 and 153?
51
What is the greatest common divisor of 6380 and 14366165?
1595
What is the greatest common divisor of 302 and 744121809?
151
Calculate the greatest common factor of 5064 and 1002592664.
1688
Calculate the greatest common factor of 4690 and 60937170.
4690
Calculate the highest common divisor of 4932 and 80604.
36
Calculate the highest common factor of 47415910 and 610.
610
What is the greatest common factor of 1788952 and 3944?
232
Calculate the highest common factor of 6355823 and 13616.
37
What is the greatest common divisor of 7117 and 41107?
11
Calculate the highest common divisor of 1336052 and 360388.
844
Calculate the highest common factor of 1702 and 52429259.
851
Calculate the greatest common factor of 1745 and 200446405.
1745
What is the greatest common divisor of 897 and 3953963?
13
What is the highest common factor of 276 and 273998356?
92
What is the greatest common divisor of 16690 and 4571391?
1669
What is the greatest common divisor of 297 and 1038840?
33
Calculate the highest common factor of 23840 and 268945.
745
What is the greatest common divisor of 80 and 136907136?
16
What is the greatest common factor of 1067 and 379401?
11
Calculate the greatest common factor of 950937 and 312.
39
What is the highest common divisor of 143982 and 27222702?
2526
Calculate the highest common divisor of 75 and 7540275.
75
What is the greatest common divisor of 21666 and 4596960?
942
Calculate the greatest common factor of 2075220 and 5978.
854
Calculate the highest common divisor of 2327682 and 690172.
2198
What is the highest common factor of 38 and 1647224?
38
Calculate the greatest common divisor of 238 and 11478740.
238
What is the greatest common factor of 9180 and 429930?
1530
Calculate the greatest common divisor of 9940513 and 77.
11
What is the highest common factor of 77670853 and 47536?
2971
Calculate the highest common divisor of 6615 and 8678715.
15
Calculate the highest common factor of 588171036 and 1524.
1524
What is the highest common divisor of 105 and 5498850?
105
What is the highest common factor of 95528 and 19944?
8
What is the highest common factor of 5819 and 8613?
11
What is the greatest common divisor of 2680 and 109610?
10
Calculate the highest common factor of 40 and 18973.
1
Calculate the highest common factor of 124217 and 1395.
31
What is the highest common divisor of 902 and 80608?
22
Calculate the greatest common divisor of 460656 and 15792.
336
What is the highest common divisor of 5508 and 5544261?
459
What is the greatest common factor of 1324 and 2357382?
662
Calculate the highest common factor of 20 and 52913000.
20
Calculate the greatest common divisor of 157848 and 9952.
8
What is the greatest common factor of 81 and 2099943?
9
What is the greatest common divisor of 9036214 and 748?
374
Calculate the greatest common factor of 12 and 479554752.
12
What is the greatest common factor of 7029 and 12287979?
99
Calculate the greatest common divisor of 443878 and 7942.
38
Calculate the greatest common factor of 4251 and 334940541.
4251
Calculate the greatest common divisor of 153329 and 29304.
11
Calculate the greatest common factor of 7121662 and 4.
2
What is the greatest common divisor of 6336596 and 245?
7
Calculate the greatest common factor of 67592 and 102748.
68
Calculate the greatest common divisor of 2280 and 12793320.
120
What is the greatest common divisor of 687 and 922212312?
687
Calculate the highest common divisor of 4905 and 6457545.
45
What is the greatest common divisor of 38 and 4127870232?
38
What is the greatest common factor of 35 and 209019965?
35
Calculate the highest common divisor of 29076 and 1185.
3
Calculate the highest common divisor of 2376 and 525328.
8
What is the greatest common factor of 14 and 15214563?
7
What is the greatest common divisor of 200256 and 3700032?
1344
What is the greatest common factor of 15 and 525003495?
15
Calculate the greatest common factor of 56566495 and 10.
5
What is the highest common divisor of 827623 and 11797?
47
What is the highest common divisor of 1240785 and 11253060?
12285
Calculate the greatest common factor of 35 and 3557813.
7
Calculate the highest common factor of 781 and 699127.
11
Calculate the highest common divisor of 116 and 701886652.
116
Calculate the greatest common factor of 90786192 and 12.
12
Calculate the highest common divisor of 2787740 and 60.
20
What is the highest common divisor of 655 and 217505326?
131
What is the greatest common divisor of 19 and 334612249?
19
Calculate the greatest common divisor of 9975 and 3008061.
399
Calculate the highest common divisor of 501908 and 68244.
484
Calculate the greatest common divisor of 755 and 35058727.
151
What is the highest common factor of 763 and 2462712?
7
What is the greatest common factor of 178783963 and 111?
37
What is the greatest common factor of 35253 and 391065446?
3917
What is the highest common divisor of 12 and 14704764?
12
What is the highest common factor of 2711704 and 160768?
1256
Calculate the highest common divisor of 15932889 and 98.
49
What is the greatest common factor of 234757 and 2536932?
1297
What is the highest common divisor of 56 and 2893828?
28
Calculate the greatest common factor of 3573 and 12984679.
397
What is the greatest common divisor of 3211 and 28538?
19
Calculate the highest common divisor of 625 and 308026125.
125
Calculate the highest common divisor of 2055372 and 38148.
132
What is the greatest common divisor of 868995 and 9307?
41
What is the greatest common factor of 40604454 and 6534?
2178
What is the greatest common divisor of 20 and 40714300?
20
Calculate the greatest common factor of 151103 and 25705.
53
What is the greatest common factor of 327717 and 16263?
117
Calculate the highest common divisor of 15280